s of c?
3, 5, 7
Suppose -3*s - 4*p + 6 = 22, -s - 16 = 4*p. Suppose s = -3*d + 2*d + 288. List the prime factors of d.
2, 3
Suppose -14*i + 7*i = -8344. List the prime factors of i.
2, 149
List the prime factors of 5/((-4)/7 - (-45977)/80178).
2, 3, 5, 83
Let a(f) = -f**3 + 42*f**2 + 83*f + 21. Let z be a(43). Suppose 3*t = k + 2569, z = 2*t + 5*k - 0*k. List the prime factors of t.
2, 3, 11, 13
Suppose 226*z - 22669 = 224*z + 3*r, 5*z = 3*r + 56677. List the prime factors of z.
2, 13, 109
Let d = 24977 - 2713. What are the prime factors of d?
2, 11, 23
Let k(o) = o**2 - 9*o + 19. Let v be k(7). Suppose v*p + 60 = 1075. List the prime factors of p.
7, 29
Let j(b) = -5*b**2 - 28*b - 7. Let d be j(-5). Let i(k) = 5*k**2 - 10*k - 1. List the prime factors of i(d).
239
List the prime factors of -2 - (-9 - 6484/4).
2, 11, 37
Suppose 3*l - z - 1085 = -6*z, -2*l + z = -706. Suppose -l = -4*b - 339. List the prime factors of (-4 - 99/(3 - b))*2.
2, 5, 19
Let d = 4217 - 3886. List the prime factors of d.
331
Suppose -3*v + 46 = -v. Let c = 24 - v. What are the prime factors of (7/(14/8) - c)*33?
3, 11
Let h = -6132 - -10376. List the prime factors of h.
2, 1061
Suppose 5*r = -163*z + 166*z - 7514, 0 = 5*r + 35. What are the prime factors of z?
3, 277
Let c(q) = -3*q + 27. Suppose 9 = -23*s + 24*s. Let m be c(s). Suppose 7*a - 803 - 114 = m. List the prime factors of a.
131
Suppose -5*w - 6*w = -2134. Suppose 0 = 4*k - 2*h - w, -k + 3*h = -3*k + 109. Let n = 91 + k. What are the prime factors of n?
3, 47
Suppose -6*w - 245256 = -38*w + 441304. What are the prime factors of w?
5, 7, 613
List the prime factors of 1126500/700 - 5/(-7).
2, 5, 7, 23
Suppose 396*f - 1991745 = 8180391 + 3242760. List the prime factors of f.
2, 3, 941
Let u(l) = 431*l - 2834. List the prime factors of u(44).
2, 5, 1613
Let j(z) = -184*z - 6. Let l be -4 - -1*(7 - -1). Let a be j(l). Let x = -511 - a. What are the prime factors of x?
3, 7, 11
Let d(q) = 16*q - 10. Suppose 0 = 3*w - 4*w + 3, 0 = 3*n - 2*w - 9. Let a be d(n). Let r = a + 21. What are the prime factors of r?
7, 13
Suppose 5*l = -q + 197, -2*q - 421 = -4*q - l. Suppose 1158 - q = 2*u. What are the prime factors of u?
11, 43
Let f(y) = 290*y**2 - 270*y - 545. What are the prime factors of f(-2)?
3, 5, 7, 11
Let k = 18329 + -2586. What are the prime factors of k?
7, 13, 173
Let z = -114 + 227. Suppose -5*h - 5*j = -335, 2*h - 37 = 2*j + z. Let a = 203 - h. What are the prime factors of a?
2, 3, 11
Let z(l) = -2*l**3 - 26*l**2 - 5*l + 5. Let j be z(-18). Suppose 5*x - 15*d = -10*d + j, 0 = 3*x - 2*d - 2001. List the prime factors of x.
23, 29
Suppose 1534 + 1969 = n - y, 5*y - 3533 = -n. Suppose 0 = 2*m + 2*m - n. What are the prime factors of m?
877
Let g(v) = -2614*v + 2314. List the prime factors of g(-5).
2, 3, 641
Let s be ((-650)/21*-15)/((-7)/(-49)). Suppose -27*f + s = -17*f. List the prime factors of f.
5, 13
Let u(y) = 239*y + 1971. What are the prime factors of u(72)?
3, 2131
Let r be 2/(-10) + 39/(-5). Let i be ((-3)/4)/(r/(-5536)). Let v = i + 758. List the prime factors of v.
239
Let u = 166 + -166. Let a(y) = y**2 + y + 1451. What are the prime factors of a(u)?
1451
Suppose 14 = -23*b - 32. What are the prime factors of (77/(-7) - 488)/(1 + b)?
499
What are the prime factors of -3 + (11 - 17) - -13612?
61, 223
Let h be ((-184)/24 + 7)/(4/(-3810)). Suppose -5*j - h = -1880. What are the prime factors of j?
3, 83
Suppose 4*v + 19*d = 15*d + 11764, 0 = -2*v - 5*d + 5870. List the prime factors of v.
5, 19, 31
Let r = 8467 + -1556. List the prime factors of r.
6911
Suppose 2093 = 3*j + 4*x - 28395, -6*j + 60988 = 5*x. What are the prime factors of j?
2, 31, 41
Let s = 43 + -37. Suppose 22 = -s*n + 70. Suppose 0 = n*v - 11*v + 96. List the prime factors of v.
2
Let q = -35 + 25. Let t be ((-44)/(-5))/(((-8)/q)/2). Let s = 20 + t. What are the prime factors of s?
2, 3, 7
Suppose 2*c = 2*w + 15294, 43*c - 6*w = 46*c - 22968. What are the prime factors of c?
2, 3, 5, 17
Suppose -x + b - 4*b = -41, 3*x + 5*b - 131 = 0. Let l = x + -32. Suppose l*n = 4*n + 517. List the prime factors of n.
47
Suppose -3*i = 3*h - 118548, -180*h + 181*h + 197562 = 5*i. List the prime factors of i.
3, 13171
Let s = -27 - -27. Suppose s = -h + 630 - 164. List the prime factors of h.
2, 233
List the prime factors of 29095/3 - ((-112)/(-1344))/((-2)/(-32)).
9697
Let h(n) = 8*n**3 - 20*n**2 + 73*n - 1219. List the prime factors of h(21).
2, 11, 271
Suppose 41 = -2*y + 49. Suppose y*n - 596 = 4*b, 3*b + 5*n = -663 + 232. What are the prime factors of (-2120)/(-14) + (-84)/b?
2, 19
Let z = -668 + 964. Let l = -250 + z. What are the prime factors of l?
2, 23
List the prime factors of 32124/16 + 81/36.
2, 3, 5, 67
Let o = 0 - -4. Suppose 20 = 269*s - 274*s, 2*k + 5*s - 16 = 0. Let q = k + o. What are the prime factors of q?
2, 11
Let p be (18/(-9))/(14/18)*7. What are the prime factors of p/24 - (-26595)/36?
2, 3, 41
Let w(i) be the second derivative of i**5/20 - 5*i**4/6 - 11*i**3/6 + 2*i**2 - 19*i. Let v be w(11). What are the prime factors of v/14 + (-5180)/(-49)?
2, 53
Suppose -b + 5*x - 2592 = 0, -6726 + 1542 = 2*b - 2*x. Let g = -1472 - b. List the prime factors of g.
2, 5, 7
Let q(w) = 4*w**3 - 2*w**2 + 80*w - 114. List the prime factors of q(14).
2, 5, 19, 61
Let q(o) = o**3 - 17*o**2 - 41*o + 44. Let s be q(19). Let j = -4 - s. Suppose -j*g + 495 = 6*g. What are the prime factors of g?
3, 11
Let c be (-296)/6 - 1/(-3). Let w = c - -137. Suppose 80 = 4*s - w. List the prime factors of s.
2, 3, 7
Let f(q) = 4*q**2 - 84. Let l be f(39). Suppose l = -r + 11*r. List the prime factors of r.
2, 3, 5
Let q(d) = 2*d**3 + 19*d**2 + d - 75. Let s be q(-9). Let i(h) = -406*h + 43. What are the prime factors of i(s)?
13, 97
Suppose x - 481 = -4*d + 5*d, -3*d - 2405 = -5*x. List the prime factors of (-6 - (-6)/1) + x.
13, 37
What are the prime factors of 322/3*(-81)/(-6)?
3, 7, 23
Suppose -2*q + 7*q = 10. Let l be (1/q)/((-2)/4) - -9. What are the prime factors of 9/(-6) + -2*(-362)/l?
89
Let x(d) = 3*d**3 - d**2 + 19*d - 60. Let p(f) = -6*f - 106. Let t be p(-19). List the prime factors of x(t).
2, 17, 23
Let i(r) be the third derivative of r**4/2 + 31*r**3/3 + 40*r**2. List the prime factors of i(12).
2, 103
Let g = 484 - 463. Suppose 5*l = 4*j - 385, g = 5*l + 46. What are the prime factors of j?
2, 3, 5
Let m(r) = -r**3 + 70*r**2 - 126*r + 418. What are the prime factors of m(36)?
2, 19973
Let t = 647 + -239. Suppose -3*j - s - 256 = 0, 5*j - 6*s = -3*s - t. List the prime factors of -1 + 806/12 - (-14)/j.
2, 3, 11
Suppose 240*h = 235*h - 3*c + 68175, 68150 = 5*h - 2*c. List the prime factors of h.
2, 3, 71
Let s(p) = 16 - p**2 + 0*p**2 - 27. Let q be s(5). List the prime factors of (15/(-6))/(15/q).
2, 3
Let o = -37371 - -71218. List the prime factors of o.
11, 17, 181
Let f be (-2 - 153/(-63))*10 - 4/14. Let g be 1*(-1 - -1*4). Suppose -455 = -f*r - 3*x, 568 = -3*r + 8*r + g*x. What are the prime factors of r?
113
Suppose -6*r + 3*i - 29545 = -11*r, -5*i - 11849 = -2*r. Let v = -4083 + r. List the prime factors of v.
31, 59
Suppose 1097*j - 20580 = 1090*j. What are the prime factors of j?
2, 3, 5, 7
Suppose 2*b - j = 3297 + 3096, -3*b + 9597 = -3*j. List the prime factors of b.
2, 1597
Let b = 27388 + -22549. What are the prime factors of b?
3, 1613
Let w = 35431 - 15359. List the prime factors of w.
2, 13, 193
Let a = 830 + 3576. List the prime factors of a.
2, 2203
Suppose 12*j = 372452 + 40288. List the prime factors of j.
3, 5, 2293
Suppose -3*y - v + 151249 = 0, -536*y = -540*y - 3*v + 201677. What are the prime factors of y?
2, 7, 13, 277
Let p(j) = 381*j - 109. List the prime factors of p(8).
2939
Let w be 10 - ((-5 - -4) + -2). Let r(a) = w + 0*a + 2*a**2 + 0*a**3 - 11*a + a**3 + 0*a**3. List the prime factors of r(6).
5, 47
Let p(y) = -8 + 6 + 4*y + 4*y + 3 + 21. Let f be (-40)/(-5)*(1 - 0). List the prime factors of p(f).
2, 43
Let d = 39936 + -20947. List the prime factors of d.
17, 1117
Let x(k) = 752*k**2 + 24*k - 23. Let u be x(1). What are the prime factors of ((-1)/((-15)/u))/(17/85)?
251
Suppose -202169 + 142253 = -19*g + 309995. List the prime factors of g.
19469
Let p(c) = 12*c**3 - 43*c**2 - 94*c + 658. What are th